{"id":1133,"date":"2016-06-08T09:35:53","date_gmt":"2016-06-08T07:35:53","guid":{"rendered":"http:\/\/arco.org\/?page_id=1133"},"modified":"2024-09-14T14:13:36","modified_gmt":"2024-09-14T12:13:36","slug":"617b-bivio-617-rif-p-marchetti","status":"publish","type":"page","link":"https:\/\/www.arco.org\/?page_id=1133","title":{"rendered":"617B Bivio 617-Rif. P.Marchetti"},"content":{"rendered":"<p>Numero: 617B<br \/>\nGruppo montuoso: Stivo-Bondone<br \/>\nLunghezza: 1.5 Km<br \/>\nDislivello: 199 m<br \/>\nTempo di salita: 45 minuti<br \/>\nTempo di discesa: 45 minuti<br \/>\nDifficolt\u00e0: EE: Escursionistico per esperti<\/p>\n<p>Sentiero privo di difficolt\u00e0 tecniche su terreno vario anche accidentato. Da non sottovalutare, per\u00f2, e prestare attenzione in caso di pioggia soprattutto nella parte finale prima di arrivare alla croce del monte Stivo.<\/p>\n<p>ITINERARIO<br \/>\nBivio 617, Cima Monte Stivo punto panoramico Italo Marchetti, Rifugio Prospero Marchetti.<\/p>\n<table width=\"374\">\n<tbody>\n<tr>\n<td width=\"98\"><strong><span style=\"color: #000000;\">Localit\u00e0<\/span><\/strong><\/td>\n<td width=\"78\"><strong><span style=\"color: #000000;\">Altitudine<\/span><\/strong><\/td>\n<td width=\"57\"><strong><span style=\"color: #000000;\">Distanza<\/span><\/strong><\/td>\n<td width=\"71\"><strong><span style=\"color: #000000;\">Tempo salita<\/span><\/strong><\/td>\n<td width=\"71\"><strong><span style=\"color: #000000;\">Tempo discesa<\/span><\/strong><\/td>\n<\/tr>\n<tr>\n<td width=\"98\"><strong><span style=\"color: #000000;\">Bivio 617<\/span><\/strong><\/td>\n<td width=\"78\"><strong><span style=\"color: #000000;\">Mt. 1.810<\/span><\/strong><\/td>\n<td width=\"57\"><strong><span style=\"color: #000000;\">0<\/span><\/strong><\/td>\n<td width=\"71\"><strong><span style=\"color: #000000;\">0<\/span><\/strong><\/td>\n<td width=\"71\"><strong><span style=\"color: #000000;\">Ore 0.30<\/span><\/strong><\/td>\n<\/tr>\n<tr>\n<td width=\"98\"><strong><span style=\"color: #000000;\">Cima Monte Stivo<\/span><\/strong><\/td>\n<td width=\"78\"><strong><span style=\"color: #000000;\">Mt. 2.059<\/span><\/strong><\/td>\n<td width=\"57\"><strong><span style=\"color: #000000;\">Mt. 1.300<\/span><\/strong><\/td>\n<td width=\"71\"><strong><span style=\"color: #000000;\">Ore 0.30<\/span><\/strong><\/td>\n<td width=\"71\"><strong><span style=\"color: #000000;\">Ore 0.10<\/span><\/strong><\/td>\n<\/tr>\n<tr>\n<td width=\"98\"><strong><span style=\"color: #000000;\">Rifugio Marchetti<\/span><\/strong><\/td>\n<td width=\"78\"><strong><span style=\"color: #000000;\">Mt. 2.009<\/span><\/strong><\/td>\n<td width=\"57\"><strong><span style=\"color: #000000;\">Mt.\u00a0\u00a0 200<\/span><\/strong><\/td>\n<td width=\"71\"><strong><span style=\"color: #000000;\">Ore 0.10<\/span><\/strong><\/td>\n<td width=\"71\"><strong><span style=\"color: #000000;\">0<\/span><\/strong><\/td>\n<\/tr>\n<tr>\n<td width=\"98\"><strong><span style=\"color: #000000;\">Totale<\/span><\/strong><\/td>\n<td width=\"78\"><strong><span style=\"color: #000000;\">\u00a0<\/span><\/strong><\/td>\n<td width=\"57\"><strong><span style=\"color: #000000;\">Mt. 1.500<\/span><\/strong><\/td>\n<td width=\"71\"><strong><span style=\"color: #000000;\">Ore 0.40<\/span><\/strong><\/td>\n<td width=\"71\"><strong><span style=\"color: #000000;\">Ore 0.40<\/span><\/strong><\/td>\n<\/tr>\n<\/tbody>\n<\/table>\n<p><span style=\"font-size: 1rem;\">DESCRIZIONE PERCORSO<br \/>\n<\/span>Il sentiero parte fra i mughi al bivio con il sentiero 617 (vedi itinerario 617), sale a sinistra con vista su Rovereto e la Val Lalgarina fra mughi e rocce in cresta arrivando alla cima del Monte Stivo, (croce) dove si gode di uno stupendo panorama. Qui la Sezione S.A.T. di Arco ha installato l&#8217;osservatorio &#8211; punto panoramico Italo Marchetti inaugurato con il nuovo rifugio il 25 Giugno 1989. Da questo manufatto in sassi la vista si apre a 360 \u00b0 e con l&#8217;aiuto delle frecce incise in bronzo, si possono individuare le principali cime. In 10 minuti si scende la rifugio Marchetti dove un buon piatto ristoratore di polenta ci accoglier\u00e0.<\/p>\n<p style=\"text-align: center;\"><a href=\"https:\/\/www.arco.org\/wp-content\/uploads\/2024\/09\/617B.pdf\" class=\"pdfemb-viewer\" style=\"\" data-width=\"max\" data-height=\"max\"  data-toolbar=\"bottom\" data-toolbar-fixed=\"off\">617B<br\/><\/a><\/p>\n<p style=\"text-align: center;\"><a href=\"https:\/\/www.komoot.com\/it-it\/tour\/1857737748?share_token=aLCgGxZsvbrBYt9qG1GnA7B1Wq58ASI6zatcZ47C8j48jlnTz3&amp;ref=wtd\" target=\"_blank\" rel=\"noopener\">Visualizza il percorso su Komoot e scarica la traccia gpx<\/a><\/p>\n<div style=\"background-color: #fff;\">\n<div style=\"margin: -4px 0 0 5px; height: 16px; color: #000; font-family: sans-serif; font-size: 12px;\"><\/div>\n<\/div>\n","protected":false},"excerpt":{"rendered":"<p>Numero: 617B Gruppo montuoso: Stivo-Bondone Lunghezza: 1.5 Km Dislivello: 199 m Tempo di salita: 45 minuti Tempo di discesa: 45 minuti Difficolt\u00e0: EE: Escursionistico per esperti Sentiero privo di difficolt\u00e0 tecniche su terreno vario anche accidentato. Da non sottovalutare, per\u00f2, e prestare attenzione in caso di pioggia soprattutto nella parte finale prima di arrivare alla &hellip; <a href=\"https:\/\/www.arco.org\/?page_id=1133\" class=\"more-link\">Continua a leggere <span class=\"screen-reader-text\">617B Bivio 617-Rif. P.Marchetti<\/span><\/a><\/p>\n","protected":false},"author":1,"featured_media":0,"parent":52,"menu_order":0,"comment_status":"closed","ping_status":"closed","template":"","meta":[],"_links":{"self":[{"href":"https:\/\/www.arco.org\/index.php?rest_route=\/wp\/v2\/pages\/1133"}],"collection":[{"href":"https:\/\/www.arco.org\/index.php?rest_route=\/wp\/v2\/pages"}],"about":[{"href":"https:\/\/www.arco.org\/index.php?rest_route=\/wp\/v2\/types\/page"}],"author":[{"embeddable":true,"href":"https:\/\/www.arco.org\/index.php?rest_route=\/wp\/v2\/users\/1"}],"replies":[{"embeddable":true,"href":"https:\/\/www.arco.org\/index.php?rest_route=%2Fwp%2Fv2%2Fcomments&post=1133"}],"version-history":[{"count":10,"href":"https:\/\/www.arco.org\/index.php?rest_route=\/wp\/v2\/pages\/1133\/revisions"}],"predecessor-version":[{"id":2805,"href":"https:\/\/www.arco.org\/index.php?rest_route=\/wp\/v2\/pages\/1133\/revisions\/2805"}],"up":[{"embeddable":true,"href":"https:\/\/www.arco.org\/index.php?rest_route=\/wp\/v2\/pages\/52"}],"wp:attachment":[{"href":"https:\/\/www.arco.org\/index.php?rest_route=%2Fwp%2Fv2%2Fmedia&parent=1133"}],"curies":[{"name":"wp","href":"https:\/\/api.w.org\/{rel}","templated":true}]}}