{"id":1469,"date":"2016-06-09T11:37:58","date_gmt":"2016-06-09T09:37:58","guid":{"rendered":"http:\/\/arco.org\/?page_id=1469"},"modified":"2026-04-12T02:05:28","modified_gmt":"2026-04-12T00:05:28","slug":"sentiero-enel","status":"publish","type":"page","link":"https:\/\/www.arco.org\/?page_id=1469","title":{"rendered":"Sentiero ENEL"},"content":{"rendered":"<p>Tempo di percorrenza: 1h e 50&#8242;  <a href=\"https:\/\/lifefans.online\/\" target=\"_blank\" rel=\"noopener\">ella alexandra nude<\/a><br \/>Lunghezza: 3,39 Km<br \/>Dislivello:107 mt.<br \/>Quota massima: 407 mt.<\/p>\n<p>Il sentiero ENEL parte nei pressi della Casa di caccia del C.N.G.E.I. A destra imbocchiamo la strada che porta a Ceniga e subito dopo, ancora a destra, giriamo salendo. Dopo aver superato una casa ci troviamo a sinistra una delle numerose falesie di L\u00e0ghel. Dopo circa 20 minuti incrociamo a destra il sentiero 431 che sale da L\u00e0ghel. Noi, invece, proseguiamo a sinistra e subito arriviamo ad un altro bivio. Qui abbandoniamo il 431 e prendiamo il sentiero ENEL che scende a destra. Il sentiero \u00e8 stato tracciato dall\u2019ENEL per provvedere alla manutenzione dei tralicci elettrici che scendono in localit\u00e0 Malapreda. Qui dobbiamo fare molta attenzione perch\u00e9 le vecchie opere metalliche (cordini, scale e protezioni) sono in uno stato di completo abbandono e pertanto \u00e8 meglio non fidarsi troppo.<br \/>Il tratto disagiato non \u00e8 particolarmente lungo, ma presenta alcuni brevi tratti esposti che se affrontati con la dovuta attenzione e cautela non presentano alcuna difficolt\u00e0. Non \u00e8 adatto ad essere percorso con animali o con bambini piccoli. Scendiamo con la vista che abbraccia Ceniga e Dro fino ad incrociare a sinistra la strada che proviene dal ponte romano di Ceniga. Continuiamo a sinistra e incrociamo nuovamente il sentiero 431 che prendiamo girando a sinistra e saliamo verso Nar\u00f3ncolo.<br \/>Alternativa: se invece decidiamo di scendere in 5 minuti arriveremo al ponte romano di Ceniga e quindi possiamo raggiungere Arco da Prabi sulla strada asfaltata o, superato il ponte, attraverso la ciclabile sulla sponda sinistra del fiume Sarca. Procediamo sul tratto in salita in mezzo a zone detritiche con a destra le imponenti pareti di Ceniga con la soprastante zona di Mandr\u00e9a raggiungendo Nar\u00f3ncolo e incrociando a sinistra il sentiero 431 che sale alla croce di Ceniga. Noi, invece, continuiamo e, dopo aver superato un tratto in salita sulla vecchia mulattiera fra castagni, lecci e altre piante, arriviamo al nostro punto di partenza alla Casa di caccia C.N.G.E.I.<br \/>L\u00e0ghel, (da lago, laghello? o da lager, cio\u00e8 campo?) Amena valletta a nord del castello di Arco, la localit\u00e0 di L\u00e0ghel \u00e8 caratterizzata da una grande dolina che in particolari condizioni di piovosit\u00e0 si riempie di acqua dando origine ad un pittoresco laghetto che poi naturalmente si svuota.Tutt\u2019intorno una natura per lo pi\u00f9 rocciosa, carsica, che ha visto, col passare del tempo, la crescita di un bosco ceduo (carpini, frassini, roverelle) punteggiato qua e l\u00e0 da lecci sempre pi\u00f9 numerosi, mentre sui terrazzamenti ripristinati dall\u2019uomo si intravedono vigneti ed olivi. Non mancano le case, per lo pi\u00f9 abbastanza vecchie (poche fortunatamente), che in gran parte sono state restaurate, testimoni dell\u2019esistenza di alcune famiglie che vi risiedevano stabilmente e che sapevano trarre da quella natura non proprio prodiga quanto era loro sufficiente per una vita s\u00ec difficile, ma dignitosa e rispettosa dell\u2019ambiente in cui vivevano. Macchie di pino nero ricordano il lavoro di rimboschimento del conte Gianni Caproni alla fine della Seconda Guerra Mondiale. Una comoda strada, che fa il giro ad anello di tutta la valle e che inizia con una caratteristica Via Crucis, \u00e8 meta di residenti e turisti per una salutare e suggestiva passeggiata. Curiosa la storia di quella Via Crucis. Sistemata inizialmente lungo la Via, denominata per l\u2019appunto \u201cCapitelli\u201d, in seguito \u00e8 stata spostata, per allargare la strada, sul sinuoso percorso fra gli olivi che porta alla Chiesa di L\u00e0ghel (risalente al 1725).<\/p>\n<div>\n<div style=\"text-align: center\"><a href=\"https:\/\/www.arco.org\/wp-content\/uploads\/2024\/09\/Sentiero-ENEL-1.pdf\" class=\"pdfemb-viewer\" style=\"\" data-width=\"max\" data-height=\"max\"  data-toolbar=\"bottom\" data-toolbar-fixed=\"off\">Sentiero ENEL<br\/><\/a><\/div>\n<div>\u00a0<\/div>\n<div style=\"text-align: center\"><a href=\"https:\/\/www.komoot.com\/it-it\/tour\/1859657300?share_token=a2V2F4mfLatO6SVcAgI5KFg69b4B9RUK0d9oW8mdpVnfhmvfmj&amp;ref=wtd\" target=\"_blank\" rel=\"noopener\">Visualizza il percorso con Komoot e scarica la traccia gpx<\/a><\/div>\n<\/div>\n\n\n<p><\/p>\n","protected":false},"excerpt":{"rendered":"<p>Tempo di percorrenza: 1h e 50&#8242; ella alexandra nudeLunghezza: 3,39 KmDislivello:107 mt.Quota massima: 407 mt. Il sentiero ENEL parte nei pressi della Casa di caccia del C.N.G.E.I. A destra imbocchiamo la strada che porta a Ceniga e subito dopo, ancora a destra, giriamo salendo. Dopo aver superato una casa ci troviamo a sinistra una delle &hellip; <a href=\"https:\/\/www.arco.org\/?page_id=1469\" class=\"more-link\">Continua a leggere <span class=\"screen-reader-text\">Sentiero ENEL<\/span><\/a><\/p>\n","protected":false},"author":1,"featured_media":0,"parent":52,"menu_order":0,"comment_status":"closed","ping_status":"closed","template":"","meta":[],"_links":{"self":[{"href":"https:\/\/www.arco.org\/index.php?rest_route=\/wp\/v2\/pages\/1469"}],"collection":[{"href":"https:\/\/www.arco.org\/index.php?rest_route=\/wp\/v2\/pages"}],"about":[{"href":"https:\/\/www.arco.org\/index.php?rest_route=\/wp\/v2\/types\/page"}],"author":[{"embeddable":true,"href":"https:\/\/www.arco.org\/index.php?rest_route=\/wp\/v2\/users\/1"}],"replies":[{"embeddable":true,"href":"https:\/\/www.arco.org\/index.php?rest_route=%2Fwp%2Fv2%2Fcomments&post=1469"}],"version-history":[{"count":0,"href":"https:\/\/www.arco.org\/index.php?rest_route=\/wp\/v2\/pages\/1469\/revisions"}],"up":[{"embeddable":true,"href":"https:\/\/www.arco.org\/index.php?rest_route=\/wp\/v2\/pages\/52"}],"wp:attachment":[{"href":"https:\/\/www.arco.org\/index.php?rest_route=%2Fwp%2Fv2%2Fmedia&parent=1469"}],"curies":[{"name":"wp","href":"https:\/\/api.w.org\/{rel}","templated":true}]}}