{"id":212,"date":"2016-05-29T18:36:10","date_gmt":"2016-05-29T16:36:10","guid":{"rendered":"http:\/\/arco.org\/?page_id=212"},"modified":"2016-06-06T13:50:55","modified_gmt":"2016-06-06T11:50:55","slug":"itinerari","status":"publish","type":"page","link":"https:\/\/www.arco.org\/?page_id=212","title":{"rendered":"Itinerari"},"content":{"rendered":"<p><img loading=\"lazy\" class=\"alignnone size-full wp-image-767 aligncenter\" src=\"http:\/\/arco.org\/wp-content\/uploads\/2016\/05\/boschicarobbi.jpg\" alt=\"boschicarobbi\" width=\"180\" height=\"293\" \/>Il territorio del Comune di Arco, e pi\u00f9 in generale quello del Basso Sarca offrono la possibilit\u00e0 di compiere itinerari che presentano, accanto alla vegetazione che varia a seconda dell&#8217;altitudine, l&#8217;osservazione diretta di fenomeni geologici interessanti \u00a0unitamente a tracce del passato, risalenti a diverse epoche storiche.<br \/>\nRiesce difficile consigliare quali siano gli itinerari da compiere piedi, a cavallo o in mountain bike;<br \/>\nla differenziazione \u00e8 determinata soprattutto dalla lunghezza del percorso e, in qualche caso, dalla presenza di particolari asperit\u00e0. In ogni caso si tratta di un &#8216; &#8220;immersione&#8221; da compiere in pieno relax, senza la fretta di dover raggiungere nel pi\u00f9 breve tempo possibile una meta e saper calibrare lo sforzo fisico. Ci sono percorsi per tutte le et\u00e0 e per tutte le stagioni; importante sar\u00e0 anche fermarsi ad osservare. E&#8217; in quest&#8217;ottica e con queste intenzioni che di seguito vengono indicati alcuni itinerari.<\/p>\n","protected":false},"excerpt":{"rendered":"<p>Il territorio del Comune di Arco, e pi\u00f9 in generale quello del Basso Sarca offrono la possibilit\u00e0 di compiere itinerari che presentano, accanto alla vegetazione che varia a seconda dell&#8217;altitudine, l&#8217;osservazione diretta di fenomeni geologici interessanti \u00a0unitamente a tracce del passato, risalenti a diverse epoche storiche. Riesce difficile consigliare quali siano gli itinerari da compiere &hellip; <a href=\"https:\/\/www.arco.org\/?page_id=212\" class=\"more-link\">Continua a leggere <span class=\"screen-reader-text\">Itinerari<\/span><\/a><\/p>\n","protected":false},"author":1,"featured_media":0,"parent":11,"menu_order":0,"comment_status":"closed","ping_status":"closed","template":"","meta":[],"_links":{"self":[{"href":"https:\/\/www.arco.org\/index.php?rest_route=\/wp\/v2\/pages\/212"}],"collection":[{"href":"https:\/\/www.arco.org\/index.php?rest_route=\/wp\/v2\/pages"}],"about":[{"href":"https:\/\/www.arco.org\/index.php?rest_route=\/wp\/v2\/types\/page"}],"author":[{"embeddable":true,"href":"https:\/\/www.arco.org\/index.php?rest_route=\/wp\/v2\/users\/1"}],"replies":[{"embeddable":true,"href":"https:\/\/www.arco.org\/index.php?rest_route=%2Fwp%2Fv2%2Fcomments&post=212"}],"version-history":[{"count":3,"href":"https:\/\/www.arco.org\/index.php?rest_route=\/wp\/v2\/pages\/212\/revisions"}],"predecessor-version":[{"id":775,"href":"https:\/\/www.arco.org\/index.php?rest_route=\/wp\/v2\/pages\/212\/revisions\/775"}],"up":[{"embeddable":true,"href":"https:\/\/www.arco.org\/index.php?rest_route=\/wp\/v2\/pages\/11"}],"wp:attachment":[{"href":"https:\/\/www.arco.org\/index.php?rest_route=%2Fwp%2Fv2%2Fmedia&parent=212"}],"curies":[{"name":"wp","href":"https:\/\/api.w.org\/{rel}","templated":true}]}}