{"id":257,"date":"2016-05-29T18:47:13","date_gmt":"2016-05-29T16:47:13","guid":{"rendered":"http:\/\/arco.org\/?page_id=257"},"modified":"2016-06-06T14:48:26","modified_gmt":"2016-06-06T12:48:26","slug":"il-circolo-vela-arco","status":"publish","type":"page","link":"https:\/\/www.arco.org\/?page_id=257","title":{"rendered":"Il circolo vela Arco"},"content":{"rendered":"<p>Come si \u00e8 gi\u00e0 detto, parlando del territorio del Comune di Arco, una pur limitata porzione della riva trentina del Lago di Garda appartiene al Comune\u00a0 di Arco; una via verso le acque limpide del Benaco che arricchisce il pacchetto delle offerte turistico-sportive che Arco presenta. In Via Lungo Sarca 20 ha sede il Circolo Vela Arco. Fondato da velisti locali nel 1983, ha sostenuto inizialmente gli sportivi che si avvicinavano alla pratica del windsurf. Il Circolo \u00e8 divenuto ben presto fucina di campioni a livello nazionale e internazionale. La particolare collocazione del Circolo permette infatti a coloro che si avvicinano alla pratica della vela su tavola di muoversi in condizioni ambientali favorevoli. La zona del lago antistante il Circolo Vela Arco \u00e8 battuta da un vento di non forte intensit\u00e0 e questo senz\u2019altro favorisce un approccio pi\u00f9 rassicurante con il windsurf.<\/p>\n<p><img loading=\"lazy\" class=\"alignnone size-medium wp-image-848\" src=\"http:\/\/arco.org\/wp-content\/uploads\/2016\/05\/CV-300x258.jpg\" alt=\"CV!\" width=\"300\" height=\"258\" srcset=\"https:\/\/www.arco.org\/wp-content\/uploads\/2016\/05\/CV-300x258.jpg 300w, https:\/\/www.arco.org\/wp-content\/uploads\/2016\/05\/CV-768x661.jpg 768w, https:\/\/www.arco.org\/wp-content\/uploads\/2016\/05\/CV-1024x881.jpg 1024w, https:\/\/www.arco.org\/wp-content\/uploads\/2016\/05\/CV-624x537.jpg 624w, https:\/\/www.arco.org\/wp-content\/uploads\/2016\/05\/CV.jpg 1163w\" sizes=\"(max-width: 300px) 100vw, 300px\" \/> <img loading=\"lazy\" class=\"alignnone size-medium wp-image-849\" src=\"http:\/\/arco.org\/wp-content\/uploads\/2016\/05\/CV2-300x202.jpg\" alt=\"CV2\" width=\"300\" height=\"202\" srcset=\"https:\/\/www.arco.org\/wp-content\/uploads\/2016\/05\/CV2-300x202.jpg 300w, https:\/\/www.arco.org\/wp-content\/uploads\/2016\/05\/CV2-768x517.jpg 768w, https:\/\/www.arco.org\/wp-content\/uploads\/2016\/05\/CV2-1024x689.jpg 1024w, https:\/\/www.arco.org\/wp-content\/uploads\/2016\/05\/CV2-624x420.jpg 624w, https:\/\/www.arco.org\/wp-content\/uploads\/2016\/05\/CV2.jpg 1419w\" sizes=\"(max-width: 300px) 100vw, 300px\" \/> <img loading=\"lazy\" class=\"alignnone size-medium wp-image-851\" src=\"http:\/\/arco.org\/wp-content\/uploads\/2016\/05\/CV3-300x251.jpg\" alt=\"CV3\" width=\"300\" height=\"251\" srcset=\"https:\/\/www.arco.org\/wp-content\/uploads\/2016\/05\/CV3-300x251.jpg 300w, https:\/\/www.arco.org\/wp-content\/uploads\/2016\/05\/CV3-768x644.jpg 768w, https:\/\/www.arco.org\/wp-content\/uploads\/2016\/05\/CV3-624x523.jpg 624w, https:\/\/www.arco.org\/wp-content\/uploads\/2016\/05\/CV3.jpg 828w\" sizes=\"(max-width: 300px) 100vw, 300px\" \/><\/p>\n<p>La collocazione del Circolo \u00e8 inoltre particolarmente felice per la vicinanza di tre campeggi e numerosi alberghi che possono dare ospitalit\u00e0 agli sportivi. Il Circolo Vela Arco infatti, oltre che offrire il servizio di rimessaggio ai suoi soci, d\u00e0 ospitalit\u00e0 ad imbarcazioni di appassionati di vela che decidono di passare un periodo di ferie sul lago di Garda. E questo tipo di accoglienza si rivela particolarmente gradito nelle stagioni intermedie, soprattutto dagli stranieri che trovano qui condizioni ambientali ben pi\u00f9 favorevoli di quelle esistenti nei loro paesi di origine. Presso il Circolo Vela Arco \u00e8 attiva una scuola di vela, riservata soprattutto ai giovani che vogliono affrontare il piacere di muoversi sull\u2019acqua mossi dal vento. Le imbarcazioni usate sono solitamente molto agili, di dimensioni ridotte e di costi modesti; questo proprio per favorire una pratica della vela fra i giovani.<\/p>\n<p>La scuola per surfisti \u00e8 stata invece sospesa; il Circolo Vela Arco per\u00f2 non dimentica le proprie radici e organizza ogni anno tre regate denominate \u201cGarda Trentino Cup\u201d per la classe funboard.<\/p>\n<p>Per quanto riguarda le competizioni veliche il Circolo Vela Arco promuove l\u2019effettuazione di circa dieci manifestazioni nel corso dell\u2019anno, manifestazioni che vedono la partecipazione di sportivi italiani e stranieri. Basti citare fra tutte la Regata Nazionale Arco-Grand Prix Duca di Genova, riservata alla classe Snipe.<\/p>\n","protected":false},"excerpt":{"rendered":"<p>Come si \u00e8 gi\u00e0 detto, parlando del territorio del Comune di Arco, una pur limitata porzione della riva trentina del Lago di Garda appartiene al Comune\u00a0 di Arco; una via verso le acque limpide del Benaco che arricchisce il pacchetto delle offerte turistico-sportive che Arco presenta. In Via Lungo Sarca 20 ha sede il Circolo &hellip; <a href=\"https:\/\/www.arco.org\/?page_id=257\" class=\"more-link\">Continua a leggere <span class=\"screen-reader-text\">Il circolo vela Arco<\/span><\/a><\/p>\n","protected":false},"author":1,"featured_media":0,"parent":249,"menu_order":0,"comment_status":"closed","ping_status":"closed","template":"","meta":[],"_links":{"self":[{"href":"https:\/\/www.arco.org\/index.php?rest_route=\/wp\/v2\/pages\/257"}],"collection":[{"href":"https:\/\/www.arco.org\/index.php?rest_route=\/wp\/v2\/pages"}],"about":[{"href":"https:\/\/www.arco.org\/index.php?rest_route=\/wp\/v2\/types\/page"}],"author":[{"embeddable":true,"href":"https:\/\/www.arco.org\/index.php?rest_route=\/wp\/v2\/users\/1"}],"replies":[{"embeddable":true,"href":"https:\/\/www.arco.org\/index.php?rest_route=%2Fwp%2Fv2%2Fcomments&post=257"}],"version-history":[{"count":4,"href":"https:\/\/www.arco.org\/index.php?rest_route=\/wp\/v2\/pages\/257\/revisions"}],"predecessor-version":[{"id":852,"href":"https:\/\/www.arco.org\/index.php?rest_route=\/wp\/v2\/pages\/257\/revisions\/852"}],"up":[{"embeddable":true,"href":"https:\/\/www.arco.org\/index.php?rest_route=\/wp\/v2\/pages\/249"}],"wp:attachment":[{"href":"https:\/\/www.arco.org\/index.php?rest_route=%2Fwp%2Fv2%2Fmedia&parent=257"}],"curies":[{"name":"wp","href":"https:\/\/api.w.org\/{rel}","templated":true}]}}

<p>Come si è già detto, parlando del territorio del Comune di Arco, una pur limitata porzione della riva trentina del Lago di Garda appartiene al Comune  di Arco; una via verso le acque limpide del Benaco che arricchisce il pacchetto delle offerte turistico-sportive che Arco presenta. In Via Lungo Sarca 20 ha sede il Circolo Vela Arco. Fondato da velisti locali nel 1983, ha sostenuto inizialmente gli sportivi che si avvicinavano alla pratica del windsurf. Il Circolo è divenuto ben presto fucina di campioni a livello nazionale e internazionale. La particolare collocazione del Circolo permette infatti a coloro che si avvicinano alla pratica della vela su tavola di muoversi in condizioni ambientali favorevoli. La zona del lago antistante il Circolo Vela Arco è battuta da un vento di non forte intensità e questo senz’altro favorisce un approccio più rassicurante con il windsurf.</p>
<p><img loading="lazy" class="alignnone size-medium wp-image-848" src="http://arco.org/wp-content/uploads/2016/05/CV-300x258.jpg" alt="CV!" width="300" height="258" srcset="https://www.arco.org/wp-content/uploads/2016/05/CV-300x258.jpg 300w, https://www.arco.org/wp-content/uploads/2016/05/CV-768x661.jpg 768w, https://www.arco.org/wp-content/uploads/2016/05/CV-1024x881.jpg 1024w, https://www.arco.org/wp-content/uploads/2016/05/CV-624x537.jpg 624w, https://www.arco.org/wp-content/uploads/2016/05/CV.jpg 1163w" sizes="(max-width: 300px) 100vw, 300px" /> <img loading="lazy" class="alignnone size-medium wp-image-849" src="http://arco.org/wp-content/uploads/2016/05/CV2-300x202.jpg" alt="CV2" width="300" height="202" srcset="https://www.arco.org/wp-content/uploads/2016/05/CV2-300x202.jpg 300w, https://www.arco.org/wp-content/uploads/2016/05/CV2-768x517.jpg 768w, https://www.arco.org/wp-content/uploads/2016/05/CV2-1024x689.jpg 1024w, https://www.arco.org/wp-content/uploads/2016/05/CV2-624x420.jpg 624w, https://www.arco.org/wp-content/uploads/2016/05/CV2.jpg 1419w" sizes="(max-width: 300px) 100vw, 300px" /> <img loading="lazy" class="alignnone size-medium wp-image-851" src="http://arco.org/wp-content/uploads/2016/05/CV3-300x251.jpg" alt="CV3" width="300" height="251" srcset="https://www.arco.org/wp-content/uploads/2016/05/CV3-300x251.jpg 300w, https://www.arco.org/wp-content/uploads/2016/05/CV3-768x644.jpg 768w, https://www.arco.org/wp-content/uploads/2016/05/CV3-624x523.jpg 624w, https://www.arco.org/wp-content/uploads/2016/05/CV3.jpg 828w" sizes="(max-width: 300px) 100vw, 300px" /></p>
<p>La collocazione del Circolo è inoltre particolarmente felice per la vicinanza di tre campeggi e numerosi alberghi che possono dare ospitalità agli sportivi. Il Circolo Vela Arco infatti, oltre che offrire il servizio di rimessaggio ai suoi soci, dà ospitalità ad imbarcazioni di appassionati di vela che decidono di passare un periodo di ferie sul lago di Garda. E questo tipo di accoglienza si rivela particolarmente gradito nelle stagioni intermedie, soprattutto dagli stranieri che trovano qui condizioni ambientali ben più favorevoli di quelle esistenti nei loro paesi di origine. Presso il Circolo Vela Arco è attiva una scuola di vela, riservata soprattutto ai giovani che vogliono affrontare il piacere di muoversi sull’acqua mossi dal vento. Le imbarcazioni usate sono solitamente molto agili, di dimensioni ridotte e di costi modesti; questo proprio per favorire una pratica della vela fra i giovani.</p>
<p>La scuola per surfisti è stata invece sospesa; il Circolo Vela Arco però non dimentica le proprie radici e organizza ogni anno tre regate denominate “Garda Trentino Cup” per la classe funboard.</p>
<p>Per quanto riguarda le competizioni veliche il Circolo Vela Arco promuove l’effettuazione di circa dieci manifestazioni nel corso dell’anno, manifestazioni che vedono la partecipazione di sportivi italiani e stranieri. Basti citare fra tutte la Regata Nazionale Arco-Grand Prix Duca di Genova, riservata alla classe Snipe.</p>

<p>Come si è già detto, parlando del territorio del Comune di Arco, una pur limitata porzione della riva trentina del Lago di Garda appartiene al Comune  di Arco; una via verso le acque limpide del Benaco che arricchisce il pacchetto delle offerte turistico-sportive che Arco presenta. In Via Lungo Sarca 20 ha sede il Circolo &hellip; <a href="https://www.arco.org/?page_id=257" class="more-link">Continua a leggere <span class="screen-reader-text">Il circolo vela Arco</span></a></p>
