{"id":366,"date":"2016-05-30T14:59:59","date_gmt":"2016-05-30T12:59:59","guid":{"rendered":"http:\/\/arco.org\/?page_id=366"},"modified":"2016-06-06T14:09:28","modified_gmt":"2016-06-06T12:09:28","slug":"il-percorso-vita-di-prabi","status":"publish","type":"page","link":"https:\/\/www.arco.org\/?page_id=366","title":{"rendered":"Il percorso vita di Prabi"},"content":{"rendered":"<p>L\u2019ambiente di Prabi offre, per chi ama lo sport, la natura e l\u2019arte, svariate occasione per approndire i propri interessi. Una di queste \u00e8 il percorso vita realizzato qualche anno fa ai piedi delle pareti rocciose del M. Collodri.<\/p>\n<p>Il sentiero inizia nei pressi della piscina e del campeggio di Arco. Un grande masso porta scolpiti dei versi di Nicol\u00f2 d\u2019Arco tradotti dall\u2019arcense Beppino Zoppirolli:<\/p>\n<p><strong><em>\u201cGuarda la franta pace<\/em><\/strong><\/p>\n<p><strong><em>di questi sassi immani,<\/em><\/strong><\/p>\n<p><strong><em>salma di monti lontani<\/em><\/strong><\/p>\n<p><strong><em>che qua e l\u00e0 si giace.<\/em><\/strong><\/p>\n<p><strong><em>Ormai non ti stupire<\/em><\/strong><\/p>\n<p><strong><em>se a morte il tuo corpo s\u2019abbatta, <\/em><\/strong><\/p>\n<p><strong><em>ogni cosa \u00e8 disfatta<\/em><\/strong><\/p>\n<p><strong><em>del tempo nelle spire\u201d.<\/em><\/strong><\/p>\n<p>Poco pi\u00f9 avanti vi \u00e8 la baita realizzata dal gruppo A.N.A. di Arco ed accanto, ai piedi di un olivo, un originale monumento realizzato con reperti di guerra. Pi\u00f9 sopra possiamo leggere altri versi, questa volta dedicati al Signore perch\u00e8 protegga lo scalatore nelle sue salite. Sono stati scritti dall\u2019arcense Marino Feltrinelli. A fianco \u00e8 stato\u00a0 ricavato, sfruttando una cavit\u00e0 naturale, il \u201ccoel dell\u2019alpin\u201d; \u00e8 chiuso da una porta antica a pi\u00f9 catenacci. Fuori fanno bella mostra di s\u00e8 un lavatoio in pietra rossa ed un \u201ctinel\u201d in pietra, usato un tempo per conservare l\u2019olio.<\/p>\n<p><img loading=\"lazy\" class=\"alignnone size-full wp-image-797\" src=\"http:\/\/arco.org\/wp-content\/uploads\/2016\/05\/fenomenocarsico.jpg\" alt=\"fenomenocarsico\" width=\"200\" height=\"230\" \/> <img loading=\"lazy\" class=\"alignnone size-medium wp-image-798\" src=\"http:\/\/arco.org\/wp-content\/uploads\/2016\/05\/monumentoleg.jpg\" alt=\"monumentoleg\" width=\"171\" height=\"299\" \/> <img loading=\"lazy\" class=\"alignnone size-medium wp-image-799\" src=\"http:\/\/arco.org\/wp-content\/uploads\/2016\/05\/percorsovita-166x300.jpg\" alt=\"percorsovita\" width=\"166\" height=\"300\" \/><\/p>\n<p>Il paesaggio \u00e8 estremamente suggestivo; il sentiero sale sinuoso fra i sassi. Grandi massi costituiscono di per s\u00e8 delle palestre di roccia in miniatura e su alcuni di loro sono state tracciate delle brevi quanto impegnative vie per l\u2019arrampicata libera. Gli ailanti ed i frassini sono i padroni di questo angolo di natura. Qualche arbusto cresce fra le spaccature della roccia, vittoria sorprendente di un seme sull\u2019aridit\u00e0 della pietra. I grandi massi portano striature dovute al carsismo; sembra quasi che le dita di un gigante li abbiano percorsi mentre ancora erano informi.<\/p>\n<p>A fianco del sentiero sono state collocate attrezzature che permettono di compiere semplici esercizi ginnici. Il sentiero diventa poi pianeggiante. \u00c8 il momento per osservare le pareti strapiombanti del M. Collodri. Il fondo grigio \u00e8 chiazzato di bianco e di marrone, e punteggiato qua e l\u00e0 dal verde scuro dei lecci. Una grande tavolozza che, soprattutto nelle ore del mattino, affascina chiunque si soffermi ad osservarla.<\/p>\n<p>Alle pendici del monte si ergono le punte aguzze di molti cipressi. Sono stati messi a dimora per volont\u00e0 di Gianni Caproni, nell\u2019ambito dei rimboschimenti operati dal pioniere dell\u2019aeronautica. Lo sguardo pu\u00f2 spaziare su buona parte dell\u2019Oltresarca. Sullo sfondo, guardando verso Sud, si staglia la rupe del Castello, con le torri Renghera e di L\u00e0ghel.<\/p>\n<p>Il sentiero passa accanto allo splendido parco di Villa Aldrighetti\u00a0 e scende fino ad un pianoro cintato, con dentro alcune piante di olivo ed un monumento. A questi alberi vennero impiccati il 22 settembre 1918 quattro legionari cecoslovacchi che avevano disertato dall\u2019esercito austriaco per combattere a fianco delle truppe italiane nelle trincee del Monte Baldo, allo scopo di ottenere la liberazione della propria patria, suddita dell\u2019impero asburgico.<\/p>\n<p>Il sentiero diventa stradina e termina nei pressi della chiesa di S. Apollinare, la chiesa-gioiello di cui si \u00e8 trattato nella parte storico-artistica di questa guida.<\/p>\n","protected":false},"excerpt":{"rendered":"<p>L\u2019ambiente di Prabi offre, per chi ama lo sport, la natura e l\u2019arte, svariate occasione per approndire i propri interessi. Una di queste \u00e8 il percorso vita realizzato qualche anno fa ai piedi delle pareti rocciose del M. Collodri. Il sentiero inizia nei pressi della piscina e del campeggio di Arco. Un grande masso porta &hellip; <a href=\"https:\/\/www.arco.org\/?page_id=366\" class=\"more-link\">Continua a leggere <span class=\"screen-reader-text\">Il percorso vita di Prabi<\/span><\/a><\/p>\n","protected":false},"author":1,"featured_media":0,"parent":212,"menu_order":0,"comment_status":"closed","ping_status":"closed","template":"","meta":[],"_links":{"self":[{"href":"https:\/\/www.arco.org\/index.php?rest_route=\/wp\/v2\/pages\/366"}],"collection":[{"href":"https:\/\/www.arco.org\/index.php?rest_route=\/wp\/v2\/pages"}],"about":[{"href":"https:\/\/www.arco.org\/index.php?rest_route=\/wp\/v2\/types\/page"}],"author":[{"embeddable":true,"href":"https:\/\/www.arco.org\/index.php?rest_route=\/wp\/v2\/users\/1"}],"replies":[{"embeddable":true,"href":"https:\/\/www.arco.org\/index.php?rest_route=%2Fwp%2Fv2%2Fcomments&post=366"}],"version-history":[{"count":3,"href":"https:\/\/www.arco.org\/index.php?rest_route=\/wp\/v2\/pages\/366\/revisions"}],"predecessor-version":[{"id":800,"href":"https:\/\/www.arco.org\/index.php?rest_route=\/wp\/v2\/pages\/366\/revisions\/800"}],"up":[{"embeddable":true,"href":"https:\/\/www.arco.org\/index.php?rest_route=\/wp\/v2\/pages\/212"}],"wp:attachment":[{"href":"https:\/\/www.arco.org\/index.php?rest_route=%2Fwp%2Fv2%2Fmedia&parent=366"}],"curies":[{"name":"wp","href":"https:\/\/api.w.org\/{rel}","templated":true}]}}

<p>L’ambiente di Prabi offre, per chi ama lo sport, la natura e l’arte, svariate occasione per approndire i propri interessi. Una di queste è il percorso vita realizzato qualche anno fa ai piedi delle pareti rocciose del M. Collodri.</p>
<p>Il sentiero inizia nei pressi della piscina e del campeggio di Arco. Un grande masso porta scolpiti dei versi di Nicolò d’Arco tradotti dall’arcense Beppino Zoppirolli:</p>
<p><strong><em>“Guarda la franta pace</em></strong></p>
<p><strong><em>di questi sassi immani,</em></strong></p>
<p><strong><em>salma di monti lontani</em></strong></p>
<p><strong><em>che qua e là si giace.</em></strong></p>
<p><strong><em>Ormai non ti stupire</em></strong></p>
<p><strong><em>se a morte il tuo corpo s’abbatta, </em></strong></p>
<p><strong><em>ogni cosa è disfatta</em></strong></p>
<p><strong><em>del tempo nelle spire”.</em></strong></p>
<p>Poco più avanti vi è la baita realizzata dal gruppo A.N.A. di Arco ed accanto, ai piedi di un olivo, un originale monumento realizzato con reperti di guerra. Più sopra possiamo leggere altri versi, questa volta dedicati al Signore perchè protegga lo scalatore nelle sue salite. Sono stati scritti dall’arcense Marino Feltrinelli. A fianco è stato  ricavato, sfruttando una cavità naturale, il “coel dell’alpin”; è chiuso da una porta antica a più catenacci. Fuori fanno bella mostra di sè un lavatoio in pietra rossa ed un “tinel” in pietra, usato un tempo per conservare l’olio.</p>
<p><img loading="lazy" class="alignnone size-full wp-image-797" src="http://arco.org/wp-content/uploads/2016/05/fenomenocarsico.jpg" alt="fenomenocarsico" width="200" height="230" /> <img loading="lazy" class="alignnone size-medium wp-image-798" src="http://arco.org/wp-content/uploads/2016/05/monumentoleg.jpg" alt="monumentoleg" width="171" height="299" /> <img loading="lazy" class="alignnone size-medium wp-image-799" src="http://arco.org/wp-content/uploads/2016/05/percorsovita-166x300.jpg" alt="percorsovita" width="166" height="300" /></p>
<p>Il paesaggio è estremamente suggestivo; il sentiero sale sinuoso fra i sassi. Grandi massi costituiscono di per sè delle palestre di roccia in miniatura e su alcuni di loro sono state tracciate delle brevi quanto impegnative vie per l’arrampicata libera. Gli ailanti ed i frassini sono i padroni di questo angolo di natura. Qualche arbusto cresce fra le spaccature della roccia, vittoria sorprendente di un seme sull’aridità della pietra. I grandi massi portano striature dovute al carsismo; sembra quasi che le dita di un gigante li abbiano percorsi mentre ancora erano informi.</p>
<p>A fianco del sentiero sono state collocate attrezzature che permettono di compiere semplici esercizi ginnici. Il sentiero diventa poi pianeggiante. È il momento per osservare le pareti strapiombanti del M. Collodri. Il fondo grigio è chiazzato di bianco e di marrone, e punteggiato qua e là dal verde scuro dei lecci. Una grande tavolozza che, soprattutto nelle ore del mattino, affascina chiunque si soffermi ad osservarla.</p>
<p>Alle pendici del monte si ergono le punte aguzze di molti cipressi. Sono stati messi a dimora per volontà di Gianni Caproni, nell’ambito dei rimboschimenti operati dal pioniere dell’aeronautica. Lo sguardo può spaziare su buona parte dell’Oltresarca. Sullo sfondo, guardando verso Sud, si staglia la rupe del Castello, con le torri Renghera e di Làghel.</p>
<p>Il sentiero passa accanto allo splendido parco di Villa Aldrighetti  e scende fino ad un pianoro cintato, con dentro alcune piante di olivo ed un monumento. A questi alberi vennero impiccati il 22 settembre 1918 quattro legionari cecoslovacchi che avevano disertato dall’esercito austriaco per combattere a fianco delle truppe italiane nelle trincee del Monte Baldo, allo scopo di ottenere la liberazione della propria patria, suddita dell’impero asburgico.</p>
<p>Il sentiero diventa stradina e termina nei pressi della chiesa di S. Apollinare, la chiesa-gioiello di cui si è trattato nella parte storico-artistica di questa guida.</p>

<p>L’ambiente di Prabi offre, per chi ama lo sport, la natura e l’arte, svariate occasione per approndire i propri interessi. Una di queste è il percorso vita realizzato qualche anno fa ai piedi delle pareti rocciose del M. Collodri. Il sentiero inizia nei pressi della piscina e del campeggio di Arco. Un grande masso porta &hellip; <a href="https://www.arco.org/?page_id=366" class="more-link">Continua a leggere <span class="screen-reader-text">Il percorso vita di Prabi</span></a></p>
