{"id":93,"date":"2016-05-29T13:50:37","date_gmt":"2016-05-29T11:50:37","guid":{"rendered":"http:\/\/arco.org\/?page_id=93"},"modified":"2016-06-01T15:20:52","modified_gmt":"2016-06-01T13:20:52","slug":"il-tessuto-urbano","status":"publish","type":"page","link":"https:\/\/www.arco.org\/?page_id=93","title":{"rendered":"Il tessuto urbano"},"content":{"rendered":"<p>Il centro storico di Arco \u00e8 stretto a semicerchio attorno alla rupe con il Castello. Le vie principali hanno direzione Est-Ovest.<\/p>\n<p>A partire dalla piazzetta S.Giuseppe, \u00a0<img loading=\"lazy\" class=\"alignnone size-medium wp-image-615\" src=\"http:\/\/arco.org\/wp-content\/uploads\/2016\/06\/IMG_8745-225x300.jpg\" alt=\"IMG_8745\" width=\"225\" height=\"300\" srcset=\"https:\/\/www.arco.org\/wp-content\/uploads\/2016\/06\/IMG_8745-225x300.jpg 225w, https:\/\/www.arco.org\/wp-content\/uploads\/2016\/06\/IMG_8745-768x1024.jpg 768w, https:\/\/www.arco.org\/wp-content\/uploads\/2016\/06\/IMG_8745-624x832.jpg 624w\" sizes=\"(max-width: 225px) 100vw, 225px\" \/>\u00a0appena superato il ponte sul fiume Sarca, si percorre la via G.Segantini che conduce fino alla piazza 3 Novembre, con la chiesa collegiata, la fontana del Mos\u00e8, il Palazzo Nuovo e il Municipio. Parallele a quest\u2019asse principale corrono, a Nord, la via Bettinazzi\u00a0 e, a Sud-Est, la via Ferrera, la via S.Anna, e la via della Cinta. In via Bettinazzi (un tempo contrada del Frassino) vi \u00e8 un\u2019antica residenza dei Conti d\u2019Arco (casa Calz\u00e0) con maestoso portale sormontato dallo stemma del ramo di Odorico. Quest\u2019edificio fu un tempo sede del tribunale e delle prigioni ed abitazione per le guardie.<\/p>\n<p>In queste strade \u00e8 possibile ammirare alcuni splendidi portali, curati nella loro struttura, segno probabile di distinzione per il proprietario della casa. Queste vie sono intersecate da vicoli che ancora ci offrono scorci di borgo medioevale.<\/p>\n<p><img loading=\"lazy\" class=\"alignnone size-full wp-image-444\" src=\"http:\/\/arco.org\/wp-content\/uploads\/2016\/05\/veranda.jpg\" alt=\"veranda\" width=\"230\" height=\"142\" \/> <img loading=\"lazy\" class=\"alignnone size-medium wp-image-443\" src=\"http:\/\/arco.org\/wp-content\/uploads\/2016\/05\/portastranfora.jpg\" alt=\"portastranfora\" width=\"200\" height=\"293\" \/> <img loading=\"lazy\" class=\"alignnone size-medium wp-image-442\" src=\"http:\/\/arco.org\/wp-content\/uploads\/2016\/05\/portale3.jpg\" alt=\"portale3\" width=\"139\" height=\"201\" \/> <img loading=\"lazy\" class=\"alignnone size-medium wp-image-441\" src=\"http:\/\/arco.org\/wp-content\/uploads\/2016\/05\/portale2.jpg\" alt=\"portale2\" width=\"138\" height=\"198\" \/> <img loading=\"lazy\" class=\"alignnone size-medium wp-image-440\" src=\"http:\/\/arco.org\/wp-content\/uploads\/2016\/05\/portale1.jpg\" alt=\"portale1\" width=\"141\" height=\"193\" \/> <img loading=\"lazy\" class=\"alignnone size-medium wp-image-439\" src=\"http:\/\/arco.org\/wp-content\/uploads\/2016\/05\/panorama-272x300.jpg\" alt=\"panorama\" width=\"272\" height=\"300\" srcset=\"https:\/\/www.arco.org\/wp-content\/uploads\/2016\/05\/panorama-272x300.jpg 272w, https:\/\/www.arco.org\/wp-content\/uploads\/2016\/05\/panorama.jpg 300w\" sizes=\"(max-width: 272px) 100vw, 272px\" \/> <img loading=\"lazy\" class=\"alignnone size-medium wp-image-438\" src=\"http:\/\/arco.org\/wp-content\/uploads\/2016\/05\/fossagrande.jpg\" alt=\"fossagrande\" width=\"150\" height=\"267\" \/> <img loading=\"lazy\" class=\"alignnone size-medium wp-image-437\" src=\"http:\/\/arco.org\/wp-content\/uploads\/2016\/05\/Arcodanord.jpg\" alt=\"Arcodanord\" width=\"229\" height=\"131\" \/> \u00a0 \u00a0<img loading=\"lazy\" class=\"alignnone wp-image-436\" src=\"http:\/\/arco.org\/wp-content\/uploads\/2016\/05\/affrescostranfora.jpg\" alt=\"affrescostranfora\" width=\"408\" height=\"232\" \/><\/p>\n<p>Superata la Piazza, verso Ovest, si percorre via Vergolano e parallelamente la via del Dosso. La continuazione ideale e pi\u00f9 antica di queste strade \u00e8 la via Stranfora, la parte del borgo che era abitata un tempo soprattutto dai contadini, da qualche artigiano e da pochi, ricchi borghesi.<\/p>\n<p>Anche qua troviamo imponenti portali, qualche affresco alle pareti, la grande fontana di cui si parla negli Statuti del XIII secolo. La via Stranfora, con i suoi vicoli e <em>\u201cportegheti\u201d<\/em>, termina nella piazzetta; si esce attraverso l\u2019unica\u00a0 superstite delle quattro porte antiche.<\/p>\n<p>Se si vuol proseguire verso l\u2019olivaia ed il Castello si percorre invece la ripida via Orbia.<\/p>\n<p>Esternamente alla via Stranfora, verso Ovest, lungo la via Fossa Grande, si possono osservare i resti della cinta muraria medioevale; un tempo vi era un fossato. Nella seconda met\u00e0 dell\u2019Ottocento lo si colm\u00f2 per realizzare una passeggiata per gli ospiti del Luogo di Cura. Di fronte alla porta di Stranfora vi \u00e8 l\u2019Arboreto (o Parco Arciducale); proseguendo ci si dirige verso L\u00e0ghel.<\/p>\n<p>Questo \u00e8 il nucleo storico di Arco che risale ad epoca medioevale.<\/p>\n<p>L\u2019evoluzione urbanistica portata dall\u2019avvento del Kurort ha creato l\u2019importante direttrice verso Ovest (la via delle Ville, ora via Capitelli), i giardini pubblici a Sud del borgo con l\u2019Hotel delle Palme (ora Ospedale Armani), il Casin\u00f2 Municipale con la veranda, la Villa Igea (sede della Cassa Rurale di Arco).<\/p>\n<p>Altri edifici vennero realizzati alla periferia, lungo le antiche strade per Torbole e per Riva.<\/p>\n<p>Attorno a questi assi viari, si sono creati, a partire dagli anni Cinquanta\u00a0 e Sessanta, nuclei di abitazioni che hanno colmato molti spazi riservati un tempo all\u2019agricoltura.<\/p>\n<p>Negli anni Sessanta, si \u00e8 sviluppata\u00a0 l\u2019area industriale nella periferia Sud, in un territorio compreso fra il fiume Sarca e il Monte Brione.<\/p>\n<p>Aree artigianali sono cresciute in localit\u00e0 S.Giorgio e in localit\u00e0 Madonna delle Grazie. Altra notevole espansione urbanistica si \u00e8 avuta nel romarzollese. Negli ultimi anni lo sviluppo urbanistico di Arco ha investito soprattutto due direttrici; il sobborgo di Mogno e Caneve, ad Est della citt\u00e0, e la periferia Sud, lungo la strada statale 45 bis che collega Arco con Riva.<\/p>\n<p>In questo tessuto urbano, in questa ragnatela di viali, strade e vicoli, sono posti, come tanti gioielli su un drappo di velluto, tesori preziosi di architettura, di arte, di cultura.<\/p>\n<p>Le pagine che seguono li presenteranno; per il visitatore sar\u00e0 un\u2019occasione per scoprirli, per il residente per conoscerli meglio; per tutti sar\u00e0 l\u2019occasione di ammirarli.<\/p>\n","protected":false},"excerpt":{"rendered":"<p>Il centro storico di Arco \u00e8 stretto a semicerchio attorno alla rupe con il Castello. Le vie principali hanno direzione Est-Ovest. A partire dalla piazzetta S.Giuseppe, \u00a0\u00a0appena superato il ponte sul fiume Sarca, si percorre la via G.Segantini che conduce fino alla piazza 3 Novembre, con la chiesa collegiata, la fontana del Mos\u00e8, il Palazzo &hellip; <a href=\"https:\/\/www.arco.org\/?page_id=93\" class=\"more-link\">Continua a leggere <span class=\"screen-reader-text\">Il tessuto urbano<\/span><\/a><\/p>\n","protected":false},"author":1,"featured_media":0,"parent":80,"menu_order":0,"comment_status":"closed","ping_status":"closed","template":"","meta":[],"_links":{"self":[{"href":"https:\/\/www.arco.org\/index.php?rest_route=\/wp\/v2\/pages\/93"}],"collection":[{"href":"https:\/\/www.arco.org\/index.php?rest_route=\/wp\/v2\/pages"}],"about":[{"href":"https:\/\/www.arco.org\/index.php?rest_route=\/wp\/v2\/types\/page"}],"author":[{"embeddable":true,"href":"https:\/\/www.arco.org\/index.php?rest_route=\/wp\/v2\/users\/1"}],"replies":[{"embeddable":true,"href":"https:\/\/www.arco.org\/index.php?rest_route=%2Fwp%2Fv2%2Fcomments&post=93"}],"version-history":[{"count":11,"href":"https:\/\/www.arco.org\/index.php?rest_route=\/wp\/v2\/pages\/93\/revisions"}],"predecessor-version":[{"id":616,"href":"https:\/\/www.arco.org\/index.php?rest_route=\/wp\/v2\/pages\/93\/revisions\/616"}],"up":[{"embeddable":true,"href":"https:\/\/www.arco.org\/index.php?rest_route=\/wp\/v2\/pages\/80"}],"wp:attachment":[{"href":"https:\/\/www.arco.org\/index.php?rest_route=%2Fwp%2Fv2%2Fmedia&parent=93"}],"curies":[{"name":"wp","href":"https:\/\/api.w.org\/{rel}","templated":true}]}}